se d = -4*k + j, -d + 72 = 5*k - 34. What are the prime factors of d?
2, 53
Let s(d) = -57*d**3 + 30*d**2 + 29*d + 6. What are the prime factors of s(-9)?
2, 3, 911
Let d be (-24 + 43)/((-2)/(-212)). Let z = d + -1034. What are the prime factors of z?
2, 5, 7
Let w be (-42 + 92)/(((-2)/(-58))/1). Suppose 5*a + w = 5*j, 5*a + 122 = 2*j - 446. What are the prime factors of j?
2, 3, 7
Suppose 6*w - 15*w + 18 = 0. Suppose 5*o + 509 = w*m, 14*m = 17*m + 2*o - 792. What are the prime factors of m?
2, 131
Let q = 2600 - 1476. Let c = 2056 - q. What are the prime factors of c?
2, 233
List the prime factors of (-1 - (12/3 - -153))*-71.
2, 71, 79
Let y(q) be the first derivative of 8/3*q**3 + 3*q - 1/4*q**4 + 7 + 8*q**2. What are the prime factors of y(9)?
2, 3, 11
Let h(w) = -13*w - 34. Suppose 30*s - 32*s = 70. What are the prime factors of h(s)?
421
Let i(x) = -x**3 + 8*x**2 - 10*x + 21. Let g be i(7). Let l be -1 + g + -1 + (-72)/18. What are the prime factors of 3/1*(61 - l)?
3, 67
Let r be 116/14 - 2/7. Let q(l) = 25*l + 11. What are the prime factors of q(r)?
211
Let o(g) = -5340*g + 475. What are the prime factors of o(-2)?
5, 23, 97
Suppose 15*p = 2*p + 26598. Suppose 15*u + 7*u - p = 0. List the prime factors of u.
3, 31
Let r(w) = w**3 - 7*w**2 + 4*w + 1. Let j be r(7). Let g = j + -24. Suppose 4*o - g*p - 427 = 296, 3*o = -5*p + 551. What are the prime factors of o?
2, 7, 13
Let q(r) = -2*r**3 - 7*r**2 - 11*r + 7. Suppose 0 = m - 10*m + 378. Suppose -m = 11*u + 13. What are the prime factors of q(u)?
137
Suppose 0 = 8*m - 21*m - 14*m + 351972. List the prime factors of m.
2, 3259
Let a(l) = 27*l**3 + 9*l**2 - 28*l + 37. List the prime factors of a(5).
13, 269
Let g(s) = -915*s - 189. List the prime factors of g(-9).
2, 3, 149
Let x(p) = -p**3 - 7*p**2 + p + 9. Let f be x(-7). Suppose f*q - 1532 = -5*w, 3*w - 467 = -3*q + 445. Suppose 0 = 2*m - 40 - w. List the prime factors of m.
2, 3, 29
List the prime factors of (-1700640)/(-340) + 22/187.
2, 41, 61
Let m be (7 + -9)/((-2)/5). Suppose 3*y - m = -29. What are the prime factors of 10 + y - (2 + -40)?
2, 5
Suppose 0 = -5*g + 27 - 17. Let v(z) = 5*z - 8. Let a be v(g). Suppose -u = a*s - 93, 2*u + u + 3 = 0. What are the prime factors of s?
47
Let q be ((-696)/36)/(2/(-33)). Suppose 318 = 5*b - 3*w + 5*w, -5*b = w - q. Let m = 105 - b. What are the prime factors of m?
41
List the prime factors of -15 + 13 + -5 + 4782.
5, 191
Let w = -141 + 135. What are the prime factors of (w/2 - -109)*(-1)/(-2)?
53
Let k = -136 - -299. List the prime factors of (k*1)/((-3)/12*-4).
163
Let d(x) be the third derivative of -10*x**4/3 + 5*x**3/6 + 68*x**2. List the prime factors of d(-9).
5, 29
Let l be (((-6)/(-4))/((-34)/68))/(-1). Suppose -c + 258 = l*h - 86, -4*c - 93 = -h. List the prime factors of h.
113
Let s = 14401 + -20. Suppose 45*q - s = 16669. What are the prime factors of q?
2, 3, 5, 23
Suppose b = 2, b = -5*q + 4*b + 15414. What are the prime factors of q?
2, 3, 257
Let v(u) = -u**3 + 9*u**2 + 3*u + 7. Let x be v(9). Suppose -3*d = 2*r + 225, -x = r - 4*d + 62. What are the prime factors of (-1066)/(-18) + 24/r?
59
Suppose 18*d = -40*d + 4833 + 22369. What are the prime factors of d?
7, 67
Let o(w) = 249*w**2 - 65*w + 341. List the prime factors of o(6).
5, 1783
Suppose -4*f = -q - 39, -8*q + 6*q - 24 = -2*f. List the prime factors of 5658/f - ((-80)/15)/4.
2, 3, 5, 7
Let j be 4/3 + 39/(-9) + 7. Let h be (11/(22/12))/((-6)/j). What are the prime factors of 5178/21 + 8/(-14) - h?
2, 5
Let n = -224 - -230. Suppose -3*m + n*m = 348. What are the prime factors of m?
2, 29
Let y be (60/21)/((-64)/(-672)). What are the prime factors of (8632/(-65))/((-3)/y)?
2, 83
Let o = 4942 - 2366. What are the prime factors of o?
2, 7, 23
Suppose 7*b + 11*b - 12276 = 0. Suppose 1656 = 4*i - 2*w, -1924 = -3*i - w - b. What are the prime factors of i?
2, 3, 23
Let h = 19549 + -4529. List the prime factors of h.
2, 5, 751
Suppose -75*k - 59*k + 5*k + 1948287 = 0. What are the prime factors of k?
11, 1373
Let g = 167 - 112. Let x = -57 + g. List the prime factors of x + 0 - (-8 + 8) - -39.
37
Suppose 9*z - z = 64. Suppose -569 = -o - 2*n, -4*o + z*n = 4*n - 2276. List the prime factors of o.
569
Suppose 3*c = 100 - 10. Let r(x) = x**3 - 31*x**2 + 50*x - 12. What are the prime factors of r(c)?
2, 3, 7
Let z = -193 + 94. Let n be z/((-2)/(3 - 5)). Let u = n + 264. What are the prime factors of u?
3, 5, 11
Suppose -7*y + 10*y - 6 = 0. Suppose -2*o - y*t + 118 = 0, 2*o - 55 = o - 3*t. Suppose l - o = 54. What are the prime factors of l?
5, 23
Let c(a) = -31*a**2 + 4. Let l be c(-2). Let v = 14 - l. What are the prime factors of v?
2, 67
Suppose 2 = 2*w, -2*d - 40 = -3*w - 3. Let h(m) = -17*m + 82. List the prime factors of h(d).
7, 53
List the prime factors of ((-16)/36 + (-84)/54)/((-5)/27005).
2, 11, 491
Let q(k) = -k**3 + 8*k**2 - 4*k - 9. Let r(u) = -u**3 - u + 1. Let z(l) = q(l) - 2*r(l). Let t be z(-8). List the prime factors of 3*(-4)/(-30) - (-53)/t.
11
Suppose 7*k = 73 - 45. What are the prime factors of (2/k)/((143/5588)/13)?
2, 127
Let b be (-6)/24 + ((-258)/(-8) - -1). List the prime factors of (9339/b)/(3/18).
2, 3, 283
Suppose -38549*i + 38559*i - 19520 = 0. What are the prime factors of i?
2, 61
Let q be (45819/6)/(318/(-48) - -7). Suppose 0 = -18*g + q + 5700. List the prime factors of g.
2, 181
Let h be (20/(-10))/(1/(-186)). List the prime factors of (-4)/(16/8) - h/(-1).
2, 5, 37
Let j(s) = -6*s + 13. Let d be 0 + (-4)/(-1) + -5 + 4. Suppose 2*c = -2*c + 4, 0 = -3*m - d*c - 93. List the prime factors of j(m).
5, 41
Let p = 47602 + -6302. List the prime factors of p.
2, 5, 7, 59
Let x be ((-63)/(-14))/3 + (-28116)/(-8). Suppose -x = -5*z + 709. What are the prime factors of z?
5, 13
Suppose 0 = 3*k - i - 4222 + 885, -4*k = -4*i - 4436. What are the prime factors of k?
2, 557
Suppose 5*n = m - 17 - 29, 32 = 2*m + 2*n. Let g be (-6)/m + 1586/14 + -4. Suppose 3*k = 4*f + g, 0*k + 116 = 4*k + 2*f. What are the prime factors of k?
31
Suppose 1 - 10 = 3*w. Let g be w + 2 - 6*(-3)/3. Suppose -14 = -g*q + 3*q. List the prime factors of q.
7
List the prime factors of -1 - 53571/(-6) - -14*9/252.
2, 3, 31
Let c(m) = -3*m**3 - 12*m**2 + 80*m - 89. List the prime factors of c(-23).
2, 3, 7
Let w(m) = -2*m**3 - 4*m**2 + 4*m + 4. Let q be w(-3). List the prime factors of -5 + q + 262 + 0 + -1.
2, 7, 19
Let q be (-2)/(4/8252*-2). Suppose -453 = 2*r - q. What are the prime factors of r?
5, 7, 23
Let k = -297 + 367. Suppose -k*p + 73*p = -x + 1425, -485 = -p + 3*x. What are the prime factors of p?
2, 7, 17
Let l(c) = c**3 + 5*c**2 - 8*c - 15. Let q be l(-6). What are the prime factors of ((-231)/(-11))/(q/(-129))?
3, 7, 43
Suppose -y + 30117 - 8463 = 0. What are the prime factors of y?
2, 3, 401
Suppose -p = -0*p + g - 3, 4*p - 3*g - 19 = 0. Suppose 6 - p = n. Suppose 0 = 6*h - h - n*x - 453, -5*x = -5*h + 465. List the prime factors of h.
89
Let d(r) = 3*r**3 - 8*r**2 + 9. Let v(g) = 2*g**3 - 4*g**2 + 4. Let x(m) = 3*d(m) - 5*v(m). Let h(w) = 5*w - 41. Let n be h(7). List the prime factors of x(n).
79
Let o(y) = 734*y + 55. Let r be o(3). Let d = -1068 + r. What are the prime factors of d?
29, 41
Suppose -3*u + f = -6 - 11, -2*f + 16 = 4*u. Suppose -2*v + 3*n = -438, -5*v + 0*v + 1105 = -u*n. List the prime factors of v.
3, 5
Let l(o) = -3*o**2 + 3*o + 8. Let p be l(2). List the prime factors of 1 - 111/(-1) - p.
2, 5, 11
Let h = -17338 + 51521. What are the prime factors of h?
34183
Let l = -34 - -41. Let c = l - 5. Suppose 107 = c*a - 31. What are the prime factors of a?
3, 23
Suppose 9*m + 14693 - 59936 = 0. What are the prime factors of m?
11, 457
Suppose v = -v + 4. Suppose -v*s = 4*s - 126. Let h = 10 + s. What are the prime factors of h?
31
Let i(h) = h**3 + 7*h**2 - 13*h + 23. Let y = 38 - 46. What are the prime factors of i(y)?
3, 7
Let o(d) = -3*d + 7. Let b = 22 + -19. Let u be o(b). What are the prime factors of (-3 - u)/(1/(-59))?
59
Let f(h) = -6*h**3 + 26*h**2 - 3*h - 1. Let x be f(4). Suppose 0*q - x*q = -2090. What are the prime factors of q?
2, 5, 11
Let k = 197 - -1351. Suppose 0*b = -9*b + k. What are the prime factors of b?
2, 43
Let i(z) = -6*z**3 + 8*z + 2. Let w(m) = -6*m**3 + 9*m + 3. Let v(j